igit of 2837046?
6
What is the units digit of 500557?
7
What is the hundreds digit of 235889?
8
What is the thousands digit of 11867739?
7
What is the tens digit of 7251109?
0
What is the tens digit of 319796?
9
What is the hundred thousands digit of 157145?
1
What is the tens digit of 32350?
5
What is the ten millions digit of 15743159?
1
What is the hundreds digit of 8001037?
0
What is the units digit of 626735?
5
What is the tens digit of 18866463?
6
What is the tens digit of 205346?
4
What is the hundred thousands digit of 233451?
2
What is the millions digit of 15955461?
5
What is the tens digit of 336955?
5
What is the hundred thousands digit of 3807020?
8
What is the hundreds digit of 1145841?
8
What is the ten thousands digit of 349446?
4
What is the units digit of 844751?
1
What is the ten thousands digit of 5121407?
2
What is the tens digit of 20204239?
3
What is the tens digit of 149980?
8
What is the units digit of 2756642?
2
What is the thousands digit of 1916464?
6
What is the ten thousands digit of 191391?
9
What is the hundreds digit of 295747?
7
What is the thousands digit of 4768586?
8
What is the millions digit of 35890897?
5
What is the hundreds digit of 26226?
2
What is the units digit of 773205?
5
What is the thousands digit of 23906538?
6
What is the hundred thousands digit of 218344?
2
What is the tens digit of 72865?
6
What is the hundreds digit of 1030?
0
What is the hundreds digit of 204756?
7
What is the units digit of 30246?
6
What is the ten thousands digit of 2427221?
2
What is the hundred thousands digit of 805882?
8
What is the hundreds digit of 3631253?
2
What is the units digit of 9166651?
1
What is the tens digit of 6998576?
7
What is the ten thousands digit of 361655?
6
What is the hundreds digit of 6045360?
3
What is the ten thousands digit of 24515947?
1
What is the thousands digit of 1177870?
7
What is the millions digit of 1061169?
1
What is the thousands digit of 6633813?
3
What is the millions digit of 12400839?
2
What is the ten thousands digit of 8645342?
4
What is the tens digit of 1909752?
5
What is the tens digit of 518221?
2
What is the tens digit of 365852?
5
What is the units digit of 7079744?
4
What is the thousands digit of 13520971?
0
What is the millions digit of 3015703?
3
What is the hundred thousands digit of 101451?
1
What is the thousands digit of 20092403?
2
What is the thousands digit of 261154?
1
What is the units digit of 451619?
9
What is the ten thousands digit of 1081950?
8
What is the hundred thousands digit of 659620?
6
What is the tens digit of 5979172?
7
What is the hundreds digit of 1407617?
6
What is the hundreds digit of 62272?
2
What is the thousands digit of 3876008?
6
What is the tens digit of 18356287?
8
What is the thousands digit of 68064?
8
What is the thousands digit of 18481713?
1
What is the hundred thousands digit of 558720?
5
What is the units digit of 172321?
1
What is the millions digit of 4274078?
4
What is the ten thousands digit of 6339818?
3
What is the ten thousands digit of 37034?
3
What is the hundreds digit of 15201255?
2
What is the millions digit of 13887126?
3
What is the thousands digit of 7428557?
8
What is the tens digit of 250674?
7
What is the ten thousands digit of 11801664?
0
What is the hundred thousands digit of 585795?
5
What is the thousands digit of 30572?
0
What is the thousands digit of 44702?
4
What is the hundreds digit of 292741?
7
What is the hundreds digit of 314994?
9
What is the tens digit of 1988360?
6
What is the units digit of 4965055?
5
What is the thousands digit of 3230775?
0
What is the units digit of 6368?
8
What is the ten thousands digit of 2610894?
1
What is the ten thousands digit of 46122?
4
What is the tens digit of 1081340?
4
What is the hundreds digit of 62245?
2
What is the tens digit of 574221?
2
What is the thousands digit of 11748410?
8
What is the ten thousands digit of 1789973?
8
What is the hundred thousands digit of 1076903?
0
What is the hundred thousands digit of 2971844?
9
What is the hundred thousands digit of 4290251?
2
What is the hundreds digit of 160067?
0
What is the hundreds digit of 22108977?
9
What is the units digit of 1466638?
8
What is the hundreds digit of 3794521?
5
What is the hundreds digit of 2101474?
4
What is the thousands digit of 768559?
8
What is the tens digit of 106860?
6
What is the thousands digit of 7725199?
5
What is the hundred thousands digit of 1903156?
9
What is the hundreds digit of 42970?
9
What is the millions digit of 1075597?
1
What is the ten thousands digit of 1438918?
3
What is the hundreds digit of 1661109?
1
What is the ten thousands digit of 11299379?
9
What is the thousands digit of 3064163?
4
What is the units digit of 3991351?
1
What is the tens digit of 323984?
8
What is the tens digit of 20484?
8
What is the units digit of 608523?
3
What is the thousands digit of 7866240?
6
What is the tens digit of 160955?
5
What is the thousands digit of 9752?
9
What is the hundreds digit of 22657765?
7
What is the thousands digit of 1392909?
2
What is the ten thousands digit of 3322757?
2
What is the hundred thousands digit of 200094?
2
What is the millions digit of 15100528?
5
What is the units digit of 1400636?
6
What is the units digit of 232417?
7
What is the tens digit of 1391528?
2
What is the ten thousands digit of 430520?
3
What is the ten thousands digit of 20235489?
3
What is the units digit of 4485633?
3
What is the hundreds digit of 608965?
9
What is the hundreds digit of 13253866?
8
What is the hundreds digit of 320744?
7
What is the hundreds digit of 19959404?
4
What is the units digit of 191806?
6
What is the ten millions digit of 28445078?
2
What is the tens digit of 21462223?
2
What is the ten millions digit of 21307864?
2
What is the tens digit of 8735?
3
What is the hundreds digit of 8814670?
6
What is the tens digit of 70369?
6
What is the ten thousands digit of 8562984?
6
What is the thousands digit of 5314158?
4
What is the hundred thousands digit of 751447?
7
What is the units digit of 31957144?
4
What is the units digit of 20645?
5
What is the ten thousands digit of 15957856?
5
What is the ten thousands digit of 536310?
3
What is the thousands digit of 1331250?
1
What is the tens digit of 251162?
6
What is the hundred thousands digit of 901094?
9
What is the millions digit of 4319333?
4
What is the millions digit of 20464044?
0
What is the hundred thousands digit of 7319048?
3
What is the millions digit of 4965823?
4
What is the units digit of 417765?
5
What is the thousands digit of 392900?
2
What is the thousands digit of 30712182?
2
What is the hundred thousands digit of 3524953?
5
What is the thousands digit of 18885?
8
What is the hundreds digit of 7090225?
2
What is the hundreds digit of 13647?
6
What is the thousands digit of 2778934?
8
What is the tens digit of 699831?
3
What is the tens digit of 76271?
7
What is the hundred thousands digit of 799804?
7
What is the thousands digit of 4444446?
4
What is the hundred thousands digit of 9256239?
2
What is the hundred thousands digit of 772207?
7
What is the tens digit of 59831?
3
What is the hundred thousands digit of 872194?
8
What is the ten thousands digit of 2763199?
6
What is the thousands digit of 45619?
5
What is the units digit of 1434210?
0
What is the units digit of 34283?
3
What is the hundred thousands digit of 138020?
1
What is the hundreds digit of 10224478?
4
What is the ten thousands digit of 2036040?
3
What is the tens digit of 2052617?
1
What is the tens digit of 465297?
9
What is the hundreds digit of 352995?
9
What is the hundreds digit of 415308?
3
What is the ten thousands digit of 797726?
9
What is the ten thousands digit of 841380?
4
What is the hundred thousands digit of 2172118?
1
What is the ten thousands digit of 4838526?
3
What is the hundred thousands digit of 4183163?
1
What is the ten thousands digit of 125315?
2
What is the hundred thousands digit of 5799529?
7
What is the hundred thousands digit of 133804?
1
What is the tens digit of 474673?
7
What is the hundred thousands digit of 565406?
5
What is the hundreds digit of 4043700?
7
What is the millions digit of 2621587?
2
What is the hundreds digit of 692269?
2
What is the hundreds digit of 84617?
6
